 is the remainder when 360016 is divided by 375?
16
What is the remainder when 608921 is divided by 6999?
8
Calculate the remainder when 35766878 is divided by 17883431.
16
What is the remainder when 59753460 is divided by 2712?
2676
Calculate the remainder when 2366454 is divided by 777.
489
Calculate the remainder when 3331529 is divided by 1458.
1457
What is the remainder when 37948892 is divided by 107?
58
Calculate the remainder when 729159 is divided by 277.
95
What is the remainder when 2198867 is divided by 137429?
3
What is the remainder when 83171 is divided by 288?
227
Calculate the remainder when 496575 is divided by 165523.
6
Calculate the remainder when 1985731 is divided by 7409.
119
What is the remainder when 216036 is divided by 5252?
704
Calculate the remainder when 1616403 is divided by 35139.
9
Calculate the remainder when 1134364 is divided by 17.
5
What is the remainder when 14875259 is divided by 1852?
1847
Calculate the remainder when 30946673 is divided by 263.
252
Calculate the remainder when 1765139 is divided by 7234.
43
What is the remainder when 25494491 is divided by 74?
11
What is the remainder when 1180429 is divided by 590196?
37
What is the remainder when 2790856 is divided by 75425?
131
Calculate the remainder when 199601666 is divided by 19.
16
What is the remainder when 352934444 is divided by 48?
44
What is the remainder when 81281934 is divided by 35?
34
What is the remainder when 70025378 is divided by 35012685?
8
What is the remainder when 926433 is divided by 1199?
805
What is the remainder when 1324563 is divided by 349?
108
Calculate the remainder when 132754 is divided by 22065.
364
Calculate the remainder when 723890 is divided by 18097.
10
What is the remainder when 5940003 is divided by 2969955?
93
Calculate the remainder when 266832 is divided by 1772.
1032
What is the remainder when 5686398 is divided by 350?
298
Calculate the remainder when 17196603 is divided by 42.
39
Calculate the remainder when 1428622 is divided by 25969.
327
What is the remainder when 4622076 is divided by 503?
9
Calculate the remainder when 3428500 is divided by 87.
4
What is the remainder when 286035351 is divided by 5163?
5151
What is the remainder when 893763 is divided by 68749?
26
What is the remainder when 901554 is divided by 2450?
2404
What is the remainder when 6323048 is divided by 162?
26
What is the remainder when 1672493 is divided by 111493?
98
What is the remainder when 56955813 is divided by 191?
186
What is the remainder when 21447 is divided by 3406?
1011
Calculate the remainder when 14706707 is divided by 417.
368
What is the remainder when 18991999 is divided by 16942?
17
What is the remainder when 39569307 is divided by 405?
402
Calculate the remainder when 22306675 is divided by 1312157.
6
What is the remainder when 295152 is divided by 175?
102
Calculate the remainder when 4312096 is divided by 1125.
1096
What is the remainder when 40795 is divided by 2074?
1389
What is the remainder when 37602932 is divided by 5288?
5252
Calculate the remainder when 392056 is divided by 1371.
1321
What is the remainder when 92756688 is divided by 36?
24
Calculate the remainder when 2957959 is divided by 18.
1
Calculate the remainder when 27551434 is divided by 669.
7
What is the remainder when 263861509 is divided by 126?
121
What is the remainder when 443672149 is divided by 7267?
7265
What is the remainder when 13109778 is divided by 10?
8
Calculate the remainder when 3645051 is divided by 323.
319
What is the remainder when 2006384 is divided by 565?
69
Calculate the remainder when 21582248 is divided by 182900.
48
What is the remainder when 3333594 is divided by 1666496?
602
Calculate the remainder when 4971374 is divided by 135.
134
What is the remainder when 14011 is divided by 2290?
271
Calculate the remainder when 930985 is divided by 2630.
2595
What is the remainder when 9134488 is divided by 44?
0
Calculate the remainder when 33410 is divided by 1556.
734
Calculate the remainder when 634116 is divided by 6405.
21
Calculate the remainder when 106083 is divided by 2640.
483
What is the remainder when 173275846 is divided by 162?
160
Calculate the remainder when 54972 is divided by 6025.
747
What is the remainder when 2059565 is divided by 8?
5
Calculate the remainder when 1597902 is divided by 418.
306
Calculate the remainder when 24753 is divided by 1345.
543
Calculate the remainder when 2342187 is divided by 2342085.
102
What is the remainder when 45544357 is divided by 170?
167
What is the remainder when 490899 is divided by 2012?
1983
What is the remainder when 35681 is divided by 8775?
581
What is the remainder when 12282063 is divided by 3685?
3643
Calculate the remainder when 271851 is divided by 1850.
1751
Calculate the remainder when 576084 is divided by 980.
824
Calculate the remainder when 140421505 is divided by 35105372.
17
What is the remainder when 38648 is divided by 1832?
176
What is the remainder when 10930 is divided by 196?
150
Calculate the remainder when 17625248 is divided by 6122.
10
What is the remainder when 22133667 is divided by 78?
75
What is the remainder when 64151174 is divided by 879?
875
Calculate the remainder when 25106 is divided by 2469.
416
Calculate the remainder when 653373 is divided by 6469.
4
What is the remainder when 8762256 is divided by 47?
46
Calculate the remainder when 13046041 is divided by 62.
1
What is the remainder when 2247518 is divided by 321073?
7
What is the remainder when 308694 is divided by 4924?
3406
What is the remainder when 169112 is divided by 42275?
12
What is the remainder when 22394832 is divided by 2130?
12
Calculate the remainder when 3900 is divided by 1348.
1204
Calculate the remainder when 1103928 is divided by 68.
16
What is the remainder when 1489931 is divided by 213?
209
What is the remainder when 12172509 is divided by 48496?
13
What is the remainder when 11132795 is divided by 994?
989
Calculate the remainder when 2687594 is divided by 892.
890
Calculate the remainder when 465042 is divided by 2212.
522
Calculate the remainder when 23513482 is divided by 783.
775
Calculate the remainder when 60029 is divided by 2243.
1711
Calculate the remainder when 3374508 is divided by 1287.
1281
Calculate the remainder when 991489243 is divided by 15779.
15778
What is the remainder when 12256733 is divided by 174?
173
Calculate the remainder when 42907315 is divided by 1117.
1111
Calculate the remainder when 208446 is divided by 285.
111
Calculate the remainder when 2336635 is divided by 250.
135
Calculate the remainder when 8212179 is divided by 67.
56
Calculate the remainder when 160147022 is divided by 53382339.
5
Calculate the remainder when 144078 is divided by 36014.
22
What is the remainder when 42996 is divided by 3242?
850
Calculate the remainder when 5765 is divided by 1802.
359
What is the remainder when 993926 is divided by 522?
38
Calculate the remainder when 3588132 is divided by 211066.
10
Calculate the remainder when 9119649 is divided by 136114.
11
What is the remainder when 3964329 is divided by 566324?
61
Calculate the remainder when 1210978 is divided by 16.
2
Calculate the remainder when 63181 is divided by 30356.
2469
Calculate the remainder when 32743823 is divided by 1272.
1271
Calculate the remainder when 46085752 is divided by 4480.
4472
Calculate the remainder when 101353935 is divided by 10.
5
What is the remainder when 5614735 is divided by 2641?
2610
What is the remainder when 2830424 is divided by 61?
24
What is the remainder when 138734 is divided by 5092?
1250
What is the remainder when 58100498 is divided by 109?
10
Calculate the remainder when 101447 is divided by 16491.
2501
What is the remainder when 585779 is divided by 2514?
17
Calculate the remainder when 169577 is divided by 704.
617
Calculate the remainder when 2839717 is divided by 149458.
15
Calculate the remainder when 340826 is divided by 2185.
2151
What is the remainder when 2052476 is divided by 983?
955
Calculate the remainder when 119585739 is divided by 23.
22
What is the remainder when 38841680 is divided by 2671?
2669
Calculate the remainder when 15126553 is divided by 5.
3
What is the remainder when 12823 is divided by 638?
63
W